 is (-4 - 3) + (10 - -2)?
5
Calculate 1 + 1 - (9 - 6 - -3).
-4
Calculate 22 - 21 - (-1 + 1 - -3).
-2
Evaluate -4 + -9 - (5 + -5 + -6).
-7
What is the value of -6 + -1 + (7 - (15 - 14))?
-1
(7 - 6) + -5 + (1 - 0)
-3
Evaluate 3 + 1 + (-12 - -1 - -5).
-2
What is -8 + 4 - 3 - (5 + -9)?
-3
Calculate 3 + 3 - 4 - (8 + -1).
-5
-7 - (1 - (6 + -4 + 2))
-4
Evaluate 4 - (0 - -3 - (5 + -5)).
1
What is the value of (8 - (9 + -8)) + -7 + 3?
3
Calculate 3 + -6 + -5 + 6.
-2
Evaluate -116 + 98 - (-13 + 1).
-6
What is the value of 12 + 0 + -9 - 1?
2
What is (4 + 0 - 6 - 7) + 4?
-5
Calculate -1 + 1 - (-1 + 3).
-2
What is the value of (10 - 0) + -12 + (6 - 0)?
4
(2 - -3 - 1) + 0 + -1
3
What is (-12 - 4 - 4) + 10?
-10
Evaluate -3 + (-19 - -10) + 4.
-8
1 + -5 - (3 + -10)
3
Calculate (2 - (-8 - -4)) + -4.
2
1 - (12 + -14 + 8)
-5
Evaluate 2 + -2 + 2 - 2 - 0.
0
What is 2 - (-5 + 4) - -1?
4
What is the value of 5 - (-2 - -3 - -5)?
-1
Calculate 4 + 3 + -8 - (1 - 1).
-1
What is the value of 3 - ((5 - 3) + 4 + -1)?
-2
-1 + 1 - (12 - 8)
-4
What is the value of -3 + (0 - -3) + (3 - 6)?
-3
Evaluate (5 - -3 - 4) + -2.
2
(3 - 0 - -7) + -4 + -12
-6
What is 3 + (-3 - 1) - 3?
-4
What is -2 + -1 - (-8 - (0 + -2))?
3
(10 - (3 + 14)) + 6
-1
What is the value of 4 - (-1 + -3) - (-18 + 19)?
7
What is (4 - 0) + 4 + -4?
4
9 - 5 - (4 - -1)
-1
What is the value of 0 + -2 + 4 + -2 + -4?
-4
Calculate (-4 + 6 - 5) + 8 + -2.
3
Evaluate (-2 - -5) + -5 + 2 + 1.
1
What is (1 + -1 - (-1 + 0)) + 5?
6
-1 + 6 + -8 - -10
7
-5 + (6 - -3 - 2)
2
Evaluate (0 - 5) + (-8 + 14 - 3).
-2
Calculate -4 + 1 + 1 - 2.
-4
10 - 6 - (-4 - (-2 + -2))
4
What is -7 - (3 - (13 - -2))?
5
What is the value of 6 + (-14 - -21) + -22?
-9
Evaluate 5 + (5 + -4 - 9).
-3
Evaluate 5 + -9 + -2 + -1.
-7
10 + -9 + 7 + -1 + -3
4
What is 4 + 1 + 4 + -8 - 7?
-6
Evaluate -2 - -4 - (1 + -3 - 5).
9
What is the value of -3 + 3 - (1 + (-1 - -4))?
-4
Evaluate 8 - 3 - (1 - (3 - 4)).
3
What is -1 - 1 - (-19 + 10)?
7
Calculate (1 + -1 - -4) + (-3 - -3).
4
Evaluate -3 + (-5 - 2) - -6.
-4
What is -8 + (7 - 4) - -5 - -4?
4
Calculate -1 - 2 - (0 - (4 + -2)).
-1
Calculate 10 + -23 + (11 - -3).
1
What is 7 - (5 + -8 + 7)?
3
-6 + 1 + (2 - 1)
-4
-5 - (-10 + 4 + 4)
-3
Evaluate -3 + 2 - (-25 + 30).
-6
Calculate 3 + 3 + (-8 - -2) + 6.
6
Evaluate -1 - ((2 + 0 - 2) + 4).
-5
What is -2 + 1 + -1 + 8 + -6?
0
What is (-3 - 1) + 0 + -6 + 5?
-5
What is 12 - 12 - (-1 - -3)?
-2
What is -2 + 3 + 2 + -3?
0
What is (6 - -1) + (44 - 44)?
7
What is the value of 2 + -1 - (3 + (-8 - -2))?
4
-2 + (1 - 1) + 9 + 0
7
What is the value of -1 - (-4 - (4 + -4))?
3
Calculate -6 + 3 + -1 + 10 - 7.
-1
Calculate 5 + -6 + (4 - (1 + 1)).
1
Calculate (-5 - (-5 - -2)) + 5.
3
Evaluate -7 - 11 - (7 - 18).
-7
20 + (-17 - (-1 - 4))
8
What is the value of -1 + 7 + -8 + -5?
-7
What is 0 - 5 - 0 - (2 + -3)?
-4
What is (5 - -1) + (3 - (0 - -6))?
3
What is -5 + (0 + 0 - (-6 - -4))?
-3
What is the value of -3 - ((4 - 6) + 4)?
-5
Evaluate 1 + -3 - (3 + -7).
2
Evaluate 8 + -6 + -2 + 4.
4
10 - (13 + -1 + -4 + -3)
5
Calculate -8 - (5 + -4 + -5 - -4).
-8
What is -2 + (2 - 8) - -6?
-2
What is the value of 2 - (0 - (4 + -6 - -6))?
6
What is the value of -1 + -1 + (0 - -2)?
0
What is the value of (-9 - -2) + -3 + 1 - -4?
-5
What is the value of 3 + -10 + 2 + 6?
1
Evaluate 0 + 2 - (2 + 1 - 1).
0
Calculate (-4 - 1) + 2 + 1.
-2
Evaluate -5 + (-3 - (-7 - -4)).
-5
(156 - 149) + (4 - 0)
11
Evaluate (-3 - -5) + -3 - -4.
3
What is the value of 1 + 0 + (-9 + 7 - -2)?
1
What is 2 + 1 + -15 + 11 + -1?
-2
What is -2 + 2 + 5 + -4 + -2?
-1
Evaluate -4 + -7 + (-1 - -18).
6
What is -37 + 47 - (2 + 1 + 2)?
5
Calculate 8 + -19 + 12 - (-1 + -1).
3
Evaluate 5 - (-3 + 5 + 1).
2
What is -8 - (-3 - 2 - 4)?
1
What is the value of (2 - -7 - 5) + 1?
5
Calculate -8 + (-6 - (-18 + 10)).
-6
Calculate 7 - (-4 + 4 - -2).
5
What is the value of -20 - -22 - (4 + (-5 - 2))?
5
Evaluate 0 + (-9 - -4) + -5 + 12.
2
Calculate -1 + -6 + 10 + 0 + 2.
5
Evaluate (-2 - -7) + (0 - (6 + -1)).
0
Evaluate 3 + (2 - 0) + -6.
-1
-94 + 86 - (-1 - 0)
-7
Calculate 4 - (-5 + 11 + 1).
-3
What is the value of (-1 - (-5 + 7)) + (1 - -1)?
-1
-3 + 6 + -8 - 0
-5
-1 + 1 + (-13 - -7)
-6
Calculate (7 - 2) + (-11 - (5 + -7)).
-4
What is the value of 12 + -4 + -4 - 0?
4
-6 + (-7 - -11) + 3
1
What is the value of (-11 + -7 - -5) + 13?
0
What is -2 + 4 - (2 + -2)?
2
-1 + -3 + (12 - (5 + 2))
1
Calculate (-4 - 4) + (4 - -7).
3
Calculate (2 - 2) + -1 + 1 - 1.
-1
Evaluate -4 + (-2 - (-10 - -3)).
1
What is the value of -1 - -1 - (3 + 4)?
-7
What is the value of 8 + -13 - (4 + -15 + 1)?
5
What is (0 + -1 - -3 - 0) + -3?
-1
What is 15 + -12 + 12 + -12?
3
Calculate 13 + (-7 - 1) + -11.
-6
Evaluate -5 - (-5 - (9 - 5)).
4
What is 3 + (2 - 1 - 4) + -2?
-2
(-15 - -25) + 2 + -14
-2
Calculate 1 - ((-3 - 4) + 3).
5
Evaluate -25 + 19 + (2 - -7).
3
What is 17 + -15 + -4 + 2 + -3?
-3
What is the value of (8 - (6 - 4)) + -8?
-2
What is the value of (-2 - -4) + 4 - (-6 + 16)?
-4
Calculate 2 - -7 - 10 - (-1 + 4).
-4
What is the value of -3 - (0 - (-9 - -9))?
-3
What is -7 - -2 - (-1 - -1)?
-5
3 + -5 + -4 + 9
3
Evaluate 2 - (-9 - (-17 + 2)).
-4
What is the value of 16 + -14 - (1 + 5)?
-4
What is the value of -14 + 11 + (0 - -7)?
4
What is 3 - 2 - (-3 + -3 + 4)?
3
Calculate -3 + 1 - (-3 + 1 + -3).
3
What is (-2 - -1) + 10 + -11?
-2
4 - (16 - 7) - -1
-4
Evaluate 3 + -8 - -8 - -2.
5
What is -2 + 1 - (-6 + 5)?
0
8 + -4 + 0 - 1
3
2 + 3 + (-1 - 0 - 6)
-2
What is 0 + (0 + 2 - (-1 - 1))?
4
What is -3 + 2 + 0 + 2 + -4?
-3
Evaluate 0 + -2 - (5 + -10 + 1).
2
Evaluate 6 + 0 + -6 + 3.
3
Calculate 8 + (-8 + 11 - 10).
1
What is the value of -3 - -1 - (-22 + (31 - 2))?
-9
What is the value of (-3 - (3 + -2) - 1) + 3?
-2
What is (0 - -1) + -11 + (8 - 2)?
-4
Calculate -6 - -9 - (1 + -4) - 2.
4
Evaluate 5 - (2 + 2) - -3.
4
Calculate (-3 - -5 - -2) + 5.
9
What is (-4 - (-8 - -4)) + (0 - 6)?
-6
-6 + 9 + -5 + (6 - 1)
3
Evaluate (-10 - -10) + -3 + 2.
-1
What is the value of -2 + 3 + -6 + 9?
4
(10 - 26) + 9 + 0
-7
Calculate 4 + -1 - (0 + (3 - -3)).
-3
Calculate -6 + (6 - 14) + 7.
-7
Evaluate -2 - (3 + -6) - 3.
-2
What is (-5 - (4 + -2)) + (2 - -3)?
-2
Calculate 2 + (-4 - -9 - 6) + -3.
-2
Calculate 4 - (11 - 11) - (-1 + 8).
-3
What is the value of 10 - 25 - -5 - (0 - 2)?
-8
4 + -10 + (7 - 7)
-6
What is the value of -1 - -1 - (28 + -28)?
0
Calculate 5 + (4 - 6) + -1 + 2.
4
What is 5 - (11 - (-3 - -5))?
-4
Calculate 2 + 1 + -2 + -2 + 6.
5
What is 5 - (-5 + (-9 - -4 - -11))?
4
What is the value of -8 + (-13 + 7 - -13)?
-1
What is (4 - 0) + 3 + -8 + 5?
4
What is -1 + 0 + -3 - (-12 - -13)?
-5
Evaluate 3 + -1 + (-3 - 2).
-3
What is 5 + -1 - (-48 - -46)?
6
2 - (10 - (2 + 4))
-2
Evaluate 9 + -8 + 2 + 1 + -1.
3
Evaluate (9 - (-6 - -5)) + -6.
4
Calculate 1 + 0 + -6 + 1.
-4
4 - (0 + (-5 - -3) - -7)
-1
1 + (0 - -2) - (0 + 0)
3
-31 - -12 - (-4 - 10)
-5
-3 + 1 + (-4 - -2)
-4
What is the value of (3 - 7) + 5 - 5?
-4
Evaluate 0 + (-3 - 0 - -4) - 0.
1
Calculate 5 + 0 + -3 - 2.
0
Evaluate 9 + 0 - 8 - -2.
3
(24 - 4) + -9 + -3
8
What is the value of (4 - 4) + (-1 - (-8 + 2))?
5
0 - -4 - (-15 + 10 + 3)
6
Calculate (0 - (4 + -4)) + (4 - 9).
-5
Evaluate 2 - ((-11 - -6) + 10).
-3
What is (0 - 4) + (5 - (-2 + 2))?
1
Calculate -6 + (6 - 4) - -6.
2
What is (1 - (-5 - (-4 + 5))) + -3?
4
Calculate (-3 - 0) + (5 - 1) + 5.
6
-1 - (-2 - 2 - -1)
2
What is 1 + -9 - (-12 - -9)?
-5
Calculate 0 + (-4 - (-4 + 5)).
-5
What is the value of -5 - ((0 - -13) + -8)?
-10
Evaluate 0 + 2 + (-4 - -4) + -3.
-1
-5 + -1 - (38 - 44)
0
What is 0 + 3 + -7 + 7?
3
8 - (5 - 1) - (7 - 3)
0
Evaluate 1 + 4 + -7 - -8.
6
Calculate 6 - (17 - 18) - (0 - 0).
7
(-2 - (-2 + -1)) + -5
-4
Evaluate (-13 - -11) + 11 + -1 + -3.
5
(-12 - -1) + -3 + 14
0
What is 1 + -3 - (0 - -4)?
-6
Calculate 0 + 2 - (2 - 2 - 3).
5
Calculate -9 + -1 + (-2 - -11) + -6.
-7
(-2 - 4) + (-3 - -1 - -5)
-3
What is the value of (1 - -4 - 0) + (5 - 5)?
5
What is the value of (7 - (-1 + 0)) + -8 + 3?
3
What is the value of -3 + 9 + 8 + -12?
2
What is the value of (0 - 1) + (-7 - -3 - -5)?
0
What is 1 + 1 + -6 + 0 + 2?
-2
Evaluate 4 + 2 + (1 - (1 - -1)).
5
What is 2 + -2 + 0 + 2?
2
What is (2 - 5) + 0 + 2?
-1
Evaluate (1 - (7 - 6)) + -4 + 1.
-3
Evaluate 10 - (0 + 7) - (6 + -3).
0
What is -3 - (-2 - (-9 + (10 - 5)